et i(b) = 9*b**2 - 593*b + 1645. What is i(63)?
7
Let w(h) = 68*h - 3159. Calculate w(47).
37
Let g(y) = 4*y**2 - 192*y - 29. What is g(48)?
-29
Let j(m) = -2*m**2 + 9*m + 7. What is j(-5)?
-88
Let w(g) = -450*g**2 - 890*g - 10. Give w(-2).
-30
Let y(n) = -n**2 - 53*n + 659. What is y(-60)?
239
Let a(g) = -g - 45. Give a(-29).
-16
Let f(s) = -s**3 - 12*s**2 - 10*s + 9. Determine f(-11).
-2
Let a(k) = -2*k**3 - 68*k**2 - 63*k + 113. Give a(-33).
14
Let m(v) = 67*v + 8638. Calculate m(-129).
-5
Let u(i) = 2*i**3 + 301*i**2 + 150*i + 85. Give u(-150).
85
Let d(l) = 246*l + 7774. Give d(-32).
-98
Let q(i) = -i**3 + 11*i**2 - 14*i + 57. Calculate q(7).
155
Let s(m) = 54*m**2 - 157*m - 22. What is s(3)?
-7
Let g(w) = 90*w - 9667. Determine g(110).
233
Let z(p) = 3*p**2 + 3*p - 3. Give z(-3).
15
Let u(i) = -8*i**2 - 3*i + 12. Determine u(3).
-69
Let a(j) = 557*j - 24503. What is a(44)?
5
Let u(h) = 292*h - 25980. Determine u(89).
8
Let x(t) = 58*t - 608. Determine x(9).
-86
Let d(a) = -20*a**2 + 188*a - 218. Give d(8).
6
Let n(l) = 4*l + 303. Determine n(-84).
-33
Let i(l) = 5600*l - 27994. What is i(5)?
6
Let p(f) = -f**3 - 4*f**2 + 31*f + 125. Calculate p(-4).
1
Let h(y) = 47*y - 4088. Determine h(87).
1
Let f(w) = -13*w**2 + 185*w - 316. Determine f(2).
2
Let n(t) = -2*t**3 + 103*t**2 + 55*t - 157. Calculate n(52).
-1
Let d(h) = -h**3 + 46*h**2 - 181*h + 49. What is d(4)?
-3
Let c(u) = 18*u + 1123. What is c(-62)?
7
Let o(c) = c**3 - 23*c**2 - 43*c - 368. Determine o(25).
-193
Let f(g) = -g**2 - 61*g - 397. Give f(-52).
71
Let o(y) = -143*y**2 + 7*y + 7. What is o(-1)?
-143
Let c(z) = -31*z**2 + 775*z - 5. Determine c(25).
-5
Let i(s) = 7*s**2 + 8*s + 4. Give i(5).
219
Let d(l) = -l**3 - 13*l**2 + 112*l - 53. Determine d(-19).
-15
Let q(d) = 7*d**2 + 62*d + 40. Calculate q(-9).
49
Let k(y) = 82*y + 1538. Determine k(-15).
308
Let p(z) = 20*z - 363. What is p(22)?
77
Let b(y) = 629*y + 3775. Determine b(-6).
1
Let g(v) = 2*v**3 + 63*v**2 - 35*v + 20. Determine g(-32).
116
Let h(j) = 2*j**3 - 55*j**2 + 24*j - 16. Determine h(27).
-97
Let r(n) = -2*n**2 - 124*n + 1772. Determine r(12).
-4
Let z(i) = 4*i**2 - 3167*i + 9494. Give z(3).
29
Let a(b) = -b**2 - 218*b - 858. Give a(-4).
-2
Let u(t) = t**3 - 84*t**2 - 199*t + 2300. Calculate u(86).
-22
Let h(n) = -2*n**2 + 55*n - 312. Calculate h(16).
56
Let j(t) = 43*t**2 - 498*t - 25. Determine j(12).
191
Let u(a) = -2*a**2 + 12*a + 50. What is u(-3)?
-4
Let d(v) = -2615*v + 18299. What is d(7)?
-6
Let f(k) = k**3 + 24*k**2 + 72*k + 155. Calculate f(-21).
-34
Let t(x) = -2*x**3 + 28*x**2 + 33*x - 55. Give t(15).
-10
Let q(p) = p**2 + 72*p + 1240. Calculate q(-29).
-7
Let d(m) = 47*m**3 + m**2 + 37*m - 37. What is d(1)?
48
Let h(m) = -2*m**3 - 18*m**2 + 84*m + 706. Give h(-9).
-50
Let z(n) = 20*n**2 + 2. Calculate z(-1).
22
Let h(s) = s**3 + 116*s**2 - 358*s - 98. What is h(-119)?
21
Let a(w) = -w**3 - 3*w**2 + 11*w + 18. Determine a(-7).
137
Let w(o) = 10*o**2 - 52*o - 33. What is w(6)?
15
Let q(j) = -14*j**3 - j**2 + 10*j - 4. Calculate q(2).
-100
Let v(a) = a**2 + 11*a + 613. Calculate v(0).
613
Let o(v) = -v**3 - 12*v**2 - 46*v - 49. Determine o(-11).
336
Let b(l) = 27*l + 276. What is b(-9)?
33
Let o(i) = 2*i**3 - 5*i**2 + 35*i - 111. Determine o(3).
3
Let c(l) = 6*l**3 - 2*l**2 + l + 1. What is c(2)?
43
Let j(c) = -c**3 + 16*c**2 - 46*c + 60. Determine j(9).
213
Let a(b) = 467*b + 5133. Calculate a(-11).
-4
Let v(s) = -22*s - 13. Determine v(4).
-101
Let w(p) = -p**2 - 137*p - 4358. Give w(-50).
-8
Let h(r) = -2*r**3 + 37*r**2 - 6*r - 202. Calculate h(18).
14
Let o(r) = 3*r**3 - 13*r**2 - 8*r + 42. Determine o(4).
-6
Let n(m) = m**3 + 55*m**2 - 78*m - 1242. Give n(-56).
-10
Let q(j) = 4*j**2 + 189*j - 387. Determine q(2).
7
Let h(z) = 2*z**2 + 40*z + 8. Give h(-5).
-142
Let b(p) = -2*p**2 - 16*p + 40. Determine b(-5).
70
Let p(d) = 2*d**2 + 289*d - 736. Calculate p(-147).
-1
Let j(t) = t**3 - 54*t**2 + 95*t + 463. What is j(52)?
-5
Let x(y) = -y**3 + y**2 - y - 2. Give x(4).
-54
Let u(t) = 93*t + 906. Calculate u(-10).
-24
Let g(s) = -3*s**2 + 80*s + 66. Give g(33).
-561
Let x(k) = 23*k**2 - 40*k - 146. What is x(4)?
62
Let f(v) = 3*v**3 - 4*v**2 - 412*v + 1672. What is f(4)?
152
Let r(o) = -477*o - 272. What is r(-2)?
682
Let z(s) = -44*s + 2320. Calculate z(50).
120
Let z(n) = -36*n**2 + 8*n + 10. What is z(-2)?
-150
Let x(b) = 2811*b - 14068. Determine x(5).
-13
Let s(x) = x**2 + 31*x + 96. Calculate s(-25).
-54
Let i(p) = -29*p**2 + 692*p + 33. What is i(24)?
-63
Let u(s) = -371*s + 2229. Calculate u(6).
3
Let z(y) = y**2 - 35*y + 252. Give z(9).
18
Let u(p) = p**3 + 82*p**2 + 1269*p - 256. Calculate u(-21).
-4
Let d(t) = 4*t + 20. Calculate d(-8).
-12
Let r(h) = h**3 + 64*h**2 - 268*h + 304. Calculate r(-68).
32
Let y(z) = 3787*z - 64367. What is y(17)?
12
Let q(p) = -p**3 + 17*p**2 + 25*p + 60. Determine q(19).
-187
Let n(i) = -12*i**2 - 661*i + 620. Calculate n(-56).
4
Let x(m) = 7*m**3 + 6*m**2 - 2*m - 5. Determine x(2).
71
Let i(p) = 21*p + 2427. Determine i(-116).
-9
Let a(x) = -2*x**2 - 29*x - 2. Give a(-9).
97
Let n(y) = 92*y**2 - 6*y + 5. What is n(1)?
91
Let u(y) = -y**3 - 132*y**2 - 993*y - 23. Calculate u(-8).
-15
Let w(g) = -44*g + 975. Give w(22).
7
Let q(v) = -2*v**3 + 67*v**2 + 35*v - 28. Give q(34).
6
Let i(m) = -m**3 + 22*m**2 - 25*m + 9. Give i(21).
-75
Let y(t) = -2*t**3 - 5*t**2 + 4*t - 16. Calculate y(4).
-208
Let t(j) = -10*j - 260. Determine t(-37).
110
Let q(g) = 67*g - 132. What is q(2)?
2
Let w(n) = -14*n**2 - 43*n + 168. Calculate w(5).
-397
Let d(p) = -60*p + 145. Calculate d(3).
-35
Let u(o) = o**3 - 151*o + 347. Give u(11).
17
Let y(a) = -58*a + 8728. Give y(152).
-88
Let b(p) = -p**3 - 14*p**2 + 54*p + 24. What is b(-17)?
-27
Let o(c) = c**3 + 14*c**2 - 35*c - 40. Calculate o(3).
8
Let g(n) = -157*n**3 + n**2 - 7*n + 5. What is g(2)?
-1261
Let k(q) = q**3 + 13*q**2 - 86*q - 296. Determine k(-17).
10
Let u(l) = l**3 + 34*l**2 - 28*l + 254. Give u(-35).
9
Let x(n) = -3*n**2 - 106*n + 467. What is x(4)?
-5
Let i(k) = -166*k**2 + 4*k - 14. Calculate i(2).
-670
Let s(h) = -521*h + 6. Give s(-1).
527
Let l(x) = -x**3 + 10*x**2 - 20*x + 5. Calculate l(2).
-3
Let m(q) = -3*q**3 - 624*q**2 + q + 221. Give m(-208).
13
Let m(v) = -3*v**3 + 2*v**2 - 5. Determine m(2).
-21
Let v(m) = m**2 - 2*m - 21. Calculate v(5).
-6
Let d(l) = 2*l**3 + 49*l**2 + 363*l + 778. Calculate d(-8).
-14
Let s(k) = -1535*k - 42960. Calculate s(-28).
20
Let s(i) = -171*i**2 - 1211*i - 95. Calculate s(-7).
3
Let w(i) = -1475*i + 3193. Calculate w(2).
243
Let d(j) = 51*j**3 + 2*j**2 + 2*j. Give d(-1).
-51
Let o(u) = -158*u - 250. Determine o(-1).
-92
Let w(t) = 43*t**3 - 2*t**2 - 664*t + 664. Give w(1).
41
Let d(y) = -y**2 - 24*y + 18. Determine d(-9).
153
Let y(v) = 6*v**2 - 30*v - 164. Give y(-6).
232
Let a(w) = w**2 + 52*w - 50. Determine a(-50).
-150
Let o(i) = -i**2 - 130*i - 1485. Determine o(-14).
139
Let a(i) = 13*i**2 + 26*i - 2. What is a(-1)?
-15
Let n(t) = -53*t**3 + 162*t**2 - 9*t. Determine n(3).
0
Let m(k) = -13*k - 812. Calculate m(-55).
-97
Let d(v) = 21*v - 399. Give d(18).
-21
Let u(f) = -f**2 - 170*f + 3190. Calculate u(-187).
11
Let h(z) = 139*z - 41. Calculate h(0).
-41
Let i(z) = 3*z**2 + 229*z + 3695. Calculate i(-53).
-15
Let h(a) = -3*a**3 + 476*a**2 + 174*a - 2371. Determine h(159).
14
Let a(l) = -60*l + 4251. Give a(71).
-9
Let k(q) = q**3 + 28*q**2 + 8*q + 61. Calculate k(-28).
-163
Let n(a) = -53*a + 13671. Give n(258).
-3
Let p(c) = 10*c - 67. Determine p(6).
-7
Let m(u) = -u**2 + 22*u - 20. Calculate m(14).
92
Let z(v) = -2*v**2 - 550*v - 33675. Determine z(-92).
-3
Let p(d) = 2*d**2 - 346*d + 13105. Give p(56).
1
Let d(r) = 19*r**2 + 15*r + 2. Determine d(2).
108
Let r(b) = 43*b + 345. Determine r(-7).
44
Let k(u) = -u**3 - 107*u**2 + 1167*u - 348. Give k(-117).
3
Let w(x) = -211*x - 791. Calculate w(-4).
53
Let v(k) = -52*k**2 - 470*k - 15. Calculate v(-9).
3
Let u(q) = q**3 + 25*q**2 - 346*q - 45. Give u(10).
-5
Let o(z) = -753*z + 818. Give o(1).
65
Let s(o) = -388*o - 8. Determine s(-2).
768
Let j(n) = 6*n**2 + 11*n - 4. Determine j(-3).
17
Let s(o) = 637*o + 3823. Determine s(-6).
1
Let u(t) = t**3 - 30*t**2 - 62*t - 105. Give u(32).
-41
Let g(t) = t**2 + 30*t +